f (-40)/(-7) + 2/7.
2, 3
Let d(h) be the third derivative of h**2 - 1/6*h**4 + 1/6*h**3 + 0*h + 1/60*h**5 + 0. List the prime factors of d(5).
2, 3
Let x = -21 - 1. List the prime factors of (x/3)/((-4)/12).
2, 11
Suppose 0 = 2*t - t + 2, 3*t + 6 = q. Let g = q - -1. List the prime factors of (-5 + g)*1*-1.
2
Suppose 0 = -2*h - 0*h + 276. What are the prime factors of h?
2, 3, 23
Suppose -17 = -5*y - j, -2*y + 2*j + 0*j = -14. Let v(s) = -s**3 + 3*s**2 + 4*s + 1. Let x be v(4). Suppose y - x = m. List the prime factors of m.
3
Let c = -26 - -34. Suppose -x - 4*x - 5*g - 25 = 0, -2*x + 5*g = -4. Let r = c - x. What are the prime factors of r?
11
Let n = 5 - 5. Suppose n*o = 5*o. Suppose r - 5*r - 20 = o, -5*r = 5*c - 65. What are the prime factors of c?
2, 3
Let o(l) = 13*l - 15. Let q be o(8). Let y = 124 - q. List the prime factors of y.
5, 7
What are the prime factors of (2 - 2)/(-4) + 16?
2
Suppose -5*v - 4*u = -3*u - 5, u = -3*v + 5. Suppose v = 2*a - 17 + 7. Let y = 4 + a. What are the prime factors of y?
3
What are the prime factors of (-1172)/(-6)*(-1 + (-35)/(-14))?
293
Suppose 52 + 47 = 3*r. What are the prime factors of r?
3, 11
Let c(y) = 2*y**2 - 2*y. Let k be -1*1/2*-12. Suppose -3*n + k = -3. List the prime factors of c(n).
2, 3
Let s = 3 - 1. Suppose -o - 3*o = c - 29, 0 = s*o - 6. List the prime factors of c.
17
Let v(i) = -i**3 + 12*i**2 - 11*i + 8. What are the prime factors of v(6)?
2, 79
Let z(g) = -3*g + g - 2 + 0. Let r be z(-3). Suppose -r*a - 13 = -d, 4*d + 0*a + 2*a - 34 = 0. List the prime factors of d.
3
Let k be 2/2 - 2 - -11. List the prime factors of 2/(-4) + 125/k.
2, 3
Let c = 4 + 28. List the prime factors of c.
2
Let d(g) = -5*g**2 - 4 + 3*g**2 + 3*g + g + 0*g. Let w be d(3). What are the prime factors of (16/w)/(2/(-10))?
2
Let p(f) = -f**2 - 6*f. Let z be p(-6). Let i(y) = 2*y**3 + 3*y**2. Let a be i(-2). What are the prime factors of -3*(a/3 + z)?
2
List the prime factors of -2 + 130 + -1*(-4)/2.
2, 5, 13
Suppose 5*b = b + 180. What are the prime factors of b?
3, 5
Let z(w) = -w + 10. Let t = 21 - 14. What are the prime factors of z(t)?
3
What are the prime factors of 2*(-2)/(-1) - 132/(-3)?
2, 3
Let p(h) = 235*h - 5. List the prime factors of p(1).
2, 5, 23
Let y(j) = 7 + 3*j**3 + 16 - 2*j**3 + j. List the prime factors of y(0).
23
Suppose 5*d - 1628 = 4*k, 5*d + 2*k + k - 1614 = 0. What are the prime factors of d?
2, 3
Let j(v) = -v**2 + 9*v + 1. Let w(p) = -p + 1. Let b(u) = j(u) + 3*w(u). List the prime factors of b(4).
2, 3
What are the prime factors of -1 + 5 - (-2 + -3)?
3
Suppose 5*o - 13*o + 1392 = 0. What are the prime factors of o?
2, 3, 29
Let n = 1 + -3. Let a = n + 15. List the prime factors of a - (-4)/(-2) - 2.
3
Let s(m) = -3 + 2*m**2 + 2*m**2 - m**3 + 2*m**3 + 7*m + 5*m**2. What are the prime factors of s(-8)?
5
Let w(y) = 4*y**2 - y. Let h be w(1). Let a be (6/(-9))/(5/(-15)). Suppose 5*g - 47 = 2*o + a*o, -6 = -h*o. List the prime factors of g.
11
Let m(o) = o**3 + 7*o**2 - 9*o - 6. Suppose s - 4 = -2. Suppose -s*v = -5*v - 24. List the prime factors of m(v).
2
Let w be 20/6*(-6)/(-4). Suppose -31 + 1 = -w*k. What are the prime factors of k?
2, 3
Suppose -x = x - 26. Suppose i + 6 = x. What are the prime factors of i?
7
Suppose 3*d = 4*k + 916, 5*d + 4*k = d + 1184. What are the prime factors of d?
2, 3, 5
Suppose 9 - 5 = 2*t. List the prime factors of ((-42)/t)/(-1 - 0).
3, 7
Let h(m) = -m**3 + m**2 + m + 2. Let g be h(0). Let n be ((-4)/3)/(g/6). Let w(t) = t**2 + 2*t + 2. What are the prime factors of w(n)?
2, 5
Suppose -32 = -2*m - 2. Suppose -t - m + 43 = 0. What are the prime factors of t?
2, 7
Let h = -4 - -20. List the prime factors of h.
2
Let x be (-1)/(-3 - (-10)/4). Suppose o - 4*w - 21 = w, -x*w = o. Suppose -z + o = 4*t - 3*t, 0 = -4*t + 3*z - 4. What are the prime factors of t?
2
Suppose -8*q = -3*q. Suppose -3*t = 2*r - q*t - 59, -t = -5. List the prime factors of r.
2, 11
Let u(n) = 31*n**3 - 2*n**2 + 6*n - 4. List the prime factors of u(2).
2, 31
Let k be 1/((-3)/2)*18. List the prime factors of ((-52)/k)/((-3)/(-18)).
2, 13
Let m(z) be the second derivative of z**4/12 + 2*z**3/3 - 3*z**2/2 - z. Let k be m(-6). Suppose 4*s = 19 + k. What are the prime factors of s?
7
Let p(j) = 21*j**2. Suppose -8*h - 2 = -6*h. What are the prime factors of p(h)?
3, 7
What are the prime factors of 164*(1 + 2/(-4))?
2, 41
Suppose 2*i - 8 = -3*n + 8, -40 = -5*i - 3*n. Suppose i + 28 = 2*k. List the prime factors of k.
2, 3
Suppose -3*p + 3*b + 7 = 1, 0 = -b. Suppose -g = -1 - p. Suppose 0 = 4*n - u - 8, 3*n = 2*u + g*u + 6. List the prime factors of n.
2
Suppose 6 + 12 = 2*u. Suppose 2*d - u = 23. What are the prime factors of (d/6)/(1/3)?
2
Suppose 4*z = 2*z + 10, 3*v + 5*z = 295. What are the prime factors of ((-2)/(-6))/(2/v)?
3, 5
Let a be 6/(-10) + (-18)/(-5). List the prime factors of 21/(-4)*(-8)/a.
2, 7
Let i(o) be the first derivative of -o**3/3 + 5*o**2/2 - o + 3. Suppose -3*j - t + 9 = -0*j, 4*j + 4*t = 4. List the prime factors of i(j).
3
Let w(f) be the second derivative of -f**5/20 - 13*f**4/12 - 11*f**3/6 + 17*f**2/2 - 2*f. List the prime factors of w(-12).
5
Let g be 5*(-1 + 66/10). Let y(q) = q**3 - 12*q**2 + q - 12. Let a be y(12). Suppose a = x + 3*x - g. List the prime factors of x.
7
Suppose -5*u - 3*c = 6 - 0, 4*c = 5*u - 8. Let o be (-1 - -1) + u + 8. What are the prime factors of 58/o - (-2)/(-8)?
7
Let v = 58 + -111. List the prime factors of v/(-5) - 14/(-35).
11
Let a = 17 + -19. List the prime factors of a/(-10) + 343/35.
2, 5
Suppose 5*m - 47 + 7 = 0. List the prime factors of m.
2
Let x be (8 - 2)*(-1)/(-3). Suppose 44 = 5*o - 3*u, 4*o + u = -0*o + 25. Suppose -o*a = -x*a - 70. List the prime factors of a.
2, 7
Let i = 2 - 2. Suppose i = 2*a + 3*a - 15. Let f(u) = u**2. List the prime factors of f(a).
3
Let x = -4 - -8. Suppose o - 27 - 14 = -x*d, -5*d + 67 = -4*o. List the prime factors of d.
11
Suppose -2*s = -a - 151, 4*a = 3*s - 4*s + 98. List the prime factors of s.
2, 3, 13
What are the prime factors of 24/(-180) - 844/(-30)?
2, 7
Suppose 0 = -2*n + n + 12. Suppose n = 2*s - 24. List the prime factors of s.
2, 3
Let y = -20 + 47. Let t be 1*(3 - (2 - 3)). Suppose -j = -t*j + y. List the prime factors of j.
3
Let k(c) = 2*c**2 + 10*c + 1. List the prime factors of k(11).
353
Let o = 42 + -37. What are the prime factors of o?
5
Suppose 72 = 4*l - 3*t, -3*t = 2*l + t - 14. List the prime factors of l.
3, 5
Let u(h) = 3*h**2 + 0*h**2 - 6*h + 3*h. Let s be u(3). Suppose -z + s = z. What are the prime factors of z?
3
Let k be -1*((-1)/1 - 94). Let i be (-1)/(-2) + k/(-10). Let m = i + 18. What are the prime factors of m?
3
Let n(r) = 2 + 5*r + 4*r - 6*r - 2*r. Let a be n(-2). Let c(g) = -g**3 - g**2 - g + 6. List the prime factors of c(a).
2, 3
Let t = 52 - 7. List the prime factors of t.
3, 5
Suppose -j = -2*n - 108, -2*j - n + 212 = -4*n. List the prime factors of j.
2, 5
Let f = 14 - 11. Suppose 12 = m - f. What are the prime factors of m?
3, 5
Let f = -15 - -16. Let d(p) = -p**2 + 6*p + 6. Let i be d(6). List the prime factors of 12*(4 - f)/i.
2, 3
Suppose 10 = -2*t + j, -5 = 6*t - 5*t + 4*j. Let q(p) be the first derivative of -p**2 - p + 8. What are the prime factors of q(t)?
3
Suppose -60 = -i - 24. Let y(q) = q + 35. Let j be y(-3). Suppose i = 4*d - j. What are the prime factors of d?
17
Let i = -73 + 110. List the prime factors of i.
37
Let w(g) = -g**3 - 6*g**2 + 3*g - 7. Let r be w(-7). Let p be (0 + -3)/((-9)/6). Suppose p*m = -m + r. What are the prime factors of m?
7
Suppose -2*j + 0 - 4 = -2*t, t - 4*j = 8. Let z be (t - 1)*(-3 + 6). List the prime factors of ((-26)/6)/(z/9).
13
Let g(x) = -71*x**3 - x**2 - x. What are the prime factors of g(-1)?
71
Let l = 160 - -21. What are the prime factors of l?
181
What are the prime factors of -4*(-2)/8 + 215?
2, 3
Let t be (8/12)/((-2)/(-3)). Let c be 5*1/1*t. Suppose 3*g + c*r - 11 = 0, 2*r - 7*r - 1 = -3*g. What are the prime factors of g?
2
Suppose -4*f + 13 + 7 = -z, 2*z + 15 = 3*f. Suppose 4*i = -l + 27, z*l + 2*l - 4*i = 18. List the prime factors of l.
3, 5
Let z be (-86)/10 + 12/20. Let k = z - -11. What are the prime factors of k?
3
Let p(h) = -19*h + 3. What are the prime factors of p(-2